{"id":699,"date":"2017-01-07T14:43:41","date_gmt":"2017-01-07T14:43:41","guid":{"rendered":"http:\/\/menton.is\/?page_id=699"},"modified":"2023-02-20T10:50:34","modified_gmt":"2023-02-20T10:50:34","slug":"log-um-framhaldsskola","status":"publish","type":"page","link":"https:\/\/menton.is\/index.php\/log-um-framhaldsskola\/","title":{"rendered":"L\u00f6g um framhaldssk\u00f3la"},"content":{"rendered":"<div class=\"fusion-fullwidth fullwidth-box fusion-builder-row-1 nonhundred-percent-fullwidth non-hundred-percent-height-scrolling\" style=\"background-color: rgba(255,255,255,0);background-position: left top;background-repeat: no-repeat;padding-top:20px;padding-right:0px;padding-bottom:20px;padding-left:0px;margin-bottom: 0px;margin-top: 0px;border-width: 0px 0px 0px 0px;border-color:#eae9e9;border-style:solid;\" ><div class=\"fusion-builder-row fusion-row\"><div class=\"fusion-layout-column fusion_builder_column fusion-builder-column-0 fusion_builder_column_1_1 1_1 fusion-one-full fusion-column-first fusion-column-last\" style=\"margin-top:0px;margin-bottom:20px;\"><div class=\"fusion-column-wrapper fusion-flex-column-wrapper-legacy\" style=\"background-position:left top;background-repeat:no-repeat;-webkit-background-size:cover;-moz-background-size:cover;-o-background-size:cover;background-size:cover;padding: 0px 0px 0px 0px;\"><div class=\"fusion-text fusion-text-1\" style=\"transform:translate3d(0,0,0);\"><h2>L\u00f6g um framhaldssk\u00f3la<\/h2>\n<\/div><div class=\"fusion-clearfix\"><\/div><\/div><\/div><div class=\"fusion-layout-column fusion_builder_column fusion-builder-column-1 fusion_builder_column_1_2 1_2 fusion-one-half fusion-column-first fusion-column-inner-bg-wrapper fusion-column-liftup-border\" style=\"width:48%; margin-right: 4%;margin-top:0px;margin-bottom:20px;\"><div class=\"fusion-column-wrapper fusion-flex-column-wrapper-legacy\" style=\"padding: 30px 30px 30px 30px;\"><div class=\"fusion-text fusion-text-2\" style=\"transform:translate3d(0,0,0);\"><p>\u00deingskjal 1257, 135. l\u00f6ggjafar\u00feing <a href=\"http:\/\/www.althingi.is\/dba-bin\/ferill.pl?ltg=135&amp;mnr=286\" target=\"_blank\" rel=\"noopener noreferrer\">286. m\u00e1l<\/a>: framhaldssk\u00f3lar (heildarl\u00f6g).<br \/>\nL\u00f6g nr. 92 12. j\u00fan\u00ed 2008.<\/p>\n<h3>L\u00f6g um framhaldssk\u00f3la<\/h3>\n<\/div><div class=\"fusion-clearfix\"><\/div><\/div><span class=\"fusion-column-inner-bg hover-type-liftup\"><a href=\"http:\/\/menton.is\/wp-content\/uploads\/2017\/01\/Log_um_framhaldsskola.pdf\"><span class=\"fusion-column-inner-bg-image\" style=\"background-color:#ffffff;background-position:left top;background-repeat:no-repeat;-webkit-background-size:cover;-moz-background-size:cover;-o-background-size:cover;background-size:cover;\"><\/span><\/a><\/span><\/div><\/div><\/div>\n","protected":false},"excerpt":{"rendered":"","protected":false},"author":1,"featured_media":0,"parent":0,"menu_order":0,"comment_status":"closed","ping_status":"closed","template":"","meta":{"footnotes":""},"class_list":["post-699","page","type-page","status-publish","hentry"],"_links":{"self":[{"href":"https:\/\/menton.is\/index.php\/wp-json\/wp\/v2\/pages\/699","targetHints":{"allow":["GET"]}}],"collection":[{"href":"https:\/\/menton.is\/index.php\/wp-json\/wp\/v2\/pages"}],"about":[{"href":"https:\/\/menton.is\/index.php\/wp-json\/wp\/v2\/types\/page"}],"author":[{"embeddable":true,"href":"https:\/\/menton.is\/index.php\/wp-json\/wp\/v2\/users\/1"}],"replies":[{"embeddable":true,"href":"https:\/\/menton.is\/index.php\/wp-json\/wp\/v2\/comments?post=699"}],"version-history":[{"count":14,"href":"https:\/\/menton.is\/index.php\/wp-json\/wp\/v2\/pages\/699\/revisions"}],"predecessor-version":[{"id":4524,"href":"https:\/\/menton.is\/index.php\/wp-json\/wp\/v2\/pages\/699\/revisions\/4524"}],"wp:attachment":[{"href":"https:\/\/menton.is\/index.php\/wp-json\/wp\/v2\/media?parent=699"}],"curies":[{"name":"wp","href":"https:\/\/api.w.org\/{rel}","templated":true}]}}